-4)?
2, 3, 5
Let j be (-152)/(-20) - (-6)/(-10). Suppose 0 = -j*d + 2*d + 30. Let f(m) = 2*m - 5. What are the prime factors of f(d)?
7
Suppose -161 = -2*i - 5*l, -5*l + 10 = 25. What are the prime factors of i?
2, 11
Let j = 4 - 4. Suppose 4*h - 4*n = -n + 97, j = 2*h + 3*n - 53. List the prime factors of h.
5
Let o be (1 - -1)/(4 - 2). Let j(b) = -3 + 6 + b**2 - o + 2*b. What are the prime factors of j(-2)?
2
List the prime factors of (-2 + -124)/(39/(-26)).
2, 3, 7
Suppose 3*u - 2*g + 7 = -13, 5*u + 4*g = -70. Let y(f) = f**3 + 10*f**2 + 5. List the prime factors of y(u).
5
Let h(w) = -w**3 + 9*w**2 + 13*w - 12. Let o be h(10). Suppose -20 = -2*n + o. List the prime factors of n.
19
Suppose -4*q + 0*q = -20. Suppose 3*a - q - 1 = 0. List the prime factors of a.
2
Suppose -30 = -3*p + 24. List the prime factors of p.
2, 3
Let x(r) = r**2 + r - 4. Let a be x(-3). Suppose -8 = -4*h + a*h. Suppose 4*b - 80 = -h. List the prime factors of b.
19
Let i = 4 + 1. Let b be (-56)/(-35)*i/2. Suppose -b*n + 51 = -n. What are the prime factors of n?
17
List the prime factors of -8 + 7 + -2 + 16 + 1.
2, 7
Let z(r) = 12*r - 7. What are the prime factors of z(4)?
41
Let l(o) be the first derivative of 11*o**6/360 - o**3 + 3. Let p(n) be the third derivative of l(n). What are the prime factors of p(1)?
11
List the prime factors of 2 - ((-2)/(-4))/((-2)/980).
13, 19
Let j = 7 + -7. What are the prime factors of (-18)/(j/(-1) - 2)?
3
Suppose 3*w + 3*c - 6 = 7*c, 4*c = 4*w - 12. List the prime factors of w/((-6)/3) + 19.
2
Suppose -2*z + 105 = 3*z - 4*v, 5*v = 0. List the prime factors of z.
3, 7
Suppose 2*f - 3*k = -66, 2*f + 71 = 5*k - 3. Let t = -9 - f. List the prime factors of t.
2, 3
Suppose -8 = -2*z - 2*z. Suppose z*q - 5*p - 32 = 0, 3*q + 3*p + 0*p = 6. List the prime factors of q.
2, 3
Suppose -6 + 14 = -4*s. Let b be (-2 - (-3 + 1))/s. Suppose -2*k - 5 + 33 = b. What are the prime factors of k?
2, 7
Let w(h) = -h**2 - 7*h - 7. Let u be w(-5). Suppose v - 2 = 0, 71 = 2*g + 3*g + u*v. Suppose 3*m + g = 43. List the prime factors of m.
2, 5
Suppose 4*q - 3*w - 11 = 0, 3*q - 8*q + 31 = 2*w. Let i be 5/1*3/q. Suppose -19 = -3*r - 2*p - 3, 8 = i*r + 4*p. List the prime factors of r.
2
Let v(i) = i**2 - 2*i - 2. List the prime factors of v(-5).
3, 11
Suppose 2*k - 5*s = 33, -2*k - s + 28 = -5*s. Suppose 0 = k*y - y - 36. What are the prime factors of y + (2 + -2 - 0)?
2, 3
Suppose 36 = -2*o - 2*o. List the prime factors of (-1)/1*(6 + o).
3
Let l = 3 - -3. List the prime factors of 3/l + 147/6.
5
What are the prime factors of 149 + 8/(8/(-5))?
2, 3
Let l(j) = j**3 + 10*j**2 - 14*j - 15. List the prime factors of l(-11).
2, 3
Let v = -3 + 7. Suppose 5*r = -2*y + 13, -y + 5*r - 41 = -5*y. Suppose 5*n = y - v. What are the prime factors of n?
2
Suppose 4*z + 2*x - 28 = -3*x, 3*z + 4*x = 20. Suppose h - z - 9 = 0. List the prime factors of h.
3, 7
Let o(u) = 6*u**2 + 4*u + 3. What are the prime factors of o(-3)?
3, 5
Suppose 6*a - 102 = 3*a. List the prime factors of a.
2, 17
Suppose -3*z + 96 = 3*l, -3*z + 3*l + 66 = -0*z. What are the prime factors of z?
3
Let y(o) = -o**3 + 5*o**2 - 4*o - 2. Let j be y(4). Let i(l) = 2*l**2 + 4*l + 2. Let n be i(j). List the prime factors of (-1 + 0)/(n/(-18)).
3
Suppose 3*x - 174 = -x - 2*g, 4*g + 30 = x. Suppose 0 = -n + 4*n - x. List the prime factors of n.
2, 7
Let c(w) = 2*w - 1. What are the prime factors of c(10)?
19
Let s(w) be the first derivative of -w**5/20 + w**4/3 + w**2/2 + 3*w - 2. Let k(j) be the first derivative of s(j). What are the prime factors of k(2)?
3
Let n = 3 + 1. Suppose -81 = -n*j + v, 4*v - 52 = -3*j + 3*v. List the prime factors of j.
19
Let x = 1 - 4. Let m = x - -5. What are the prime factors of m?
2
Let w be (10 + -8)/((-2)/(-5)). Suppose w*u - 55 = 5*o, -5*u + 2 = 4*o - 8. What are the prime factors of u?
2, 3
Suppose 3*j = 758 - 191. What are the prime factors of j?
3, 7
Let o(b) = -b**2 + b + 8. Let i(k) = -k - 2. Let g be i(-5). Let a = g - 3. List the prime factors of o(a).
2
Suppose -5*a + 3*j = -1109, 0 = -0*a + a - 2*j - 226. What are the prime factors of a?
2, 5, 11
Let n = 27 - 19. What are the prime factors of n?
2
Let r be (-2 - -5)*2*-1. Let v be -1 - r/(1 + -4). Let m = v + 8. What are the prime factors of m?
5
What are the prime factors of -482*(-1 + 2)*3/(-6)?
241
Let k be 7/5 + (-15)/(-25). List the prime factors of (-52)/(-12)*6/k.
13
Let t = 39 - 27. Let n = t - 32. Let m = -14 - n. List the prime factors of m.
2, 3
Let o = -15 + 48. What are the prime factors of o?
3, 11
What are the prime factors of 6*(3 + 5/(-3))?
2
Suppose l = 3, -5*j = -j + 5*l - 103. Let c = 21 + j. List the prime factors of c.
43
Let a(b) be the third derivative of -b**7/5040 + b**6/240 - b**5/30 + b**2. Let l(j) be the third derivative of a(j). List the prime factors of l(-5).
2
Let w(p) = p**2 + 4*p - 5. Let j be w(-4). Let t = j - -10. Let b = 7 - t. What are the prime factors of b?
2
Suppose -5*f + 3*f + 406 = 0. List the prime factors of f.
7, 29
Let t(f) = -f**2 - 2*f + 5. Let z be t(0). Suppose -109 + 29 = -z*q. What are the prime factors of q?
2
Suppose -5*w + 3*l + 112 = 0, 5*l + 120 = 5*w - 0*w. What are the prime factors of w?
2, 5
Let g(x) = -x**2 + 2. List the prime factors of g(0).
2
Let x = 3 - 4. Let m be (26/5)/(x/5). Let i = 38 + m. What are the prime factors of i?
2, 3
Let w be 1044/(-15) + 9/15. Let n = 97 + w. List the prime factors of n.
2, 7
Suppose 5*z - 51 = 9. Let i be (3/6)/(1/z). Let b = 12 - i. List the prime factors of b.
2, 3
Let y(m) = m**2 - 8*m - 15. Let x be y(11). Let g = -3 + x. What are the prime factors of g?
3, 5
Let i(z) = z + 5. Suppose 0 = 5*k - k. Let y be 0/(2 + -4 - k). List the prime factors of i(y).
5
Suppose 3 - 18 = -3*j. Suppose j*x = 46 + 19. What are the prime factors of x?
13
Suppose 15*s = 13*s + 200. What are the prime factors of s?
2, 5
Let b(q) = 5*q - 11. What are the prime factors of b(7)?
2, 3
Let j = -122 + 284. List the prime factors of j.
2, 3
Suppose -5*v - 1 = 2*m + 2, 5*m - v = 6. What are the prime factors of (-10)/((-3 + 2)*m)?
2, 5
Suppose -4*t = -16, -5*y + 0*t + 201 = -t. List the prime factors of y.
41
List the prime factors of (355 - 5)/5 + 6.
2, 19
Suppose 7*v = 2*v - s + 121, -s = v - 25. Suppose -i + v + 3 = 0. List the prime factors of i.
3
Let a(f) = 31*f - 11. List the prime factors of a(2).
3, 17
Suppose -3*q + 4*f = 40, q + 55 = -2*q + f. Let s be 1/(-5) - 4/q. Suppose s = 4*r - 16 - 16. List the prime factors of r.
2
Suppose 6*s = 18*s - 1428. List the prime factors of s.
7, 17
List the prime factors of 2*(1 + (0 - 0)).
2
Let n(x) be the first derivative of -x**2/2 - 6*x + 3. Let h be n(-10). What are the prime factors of 31/4 - h/(-16)?
2
Let h(b) = -15*b + 20. List the prime factors of h(-6).
2, 5, 11
Let i = -2 - -5. Suppose -i*v - 12 = v. List the prime factors of (v + 0)/((-3)/13).
13
Let n(z) = -z**2 + 3*z + 3. Let l be n(4). What are the prime factors of l/3 + 320/15?
3, 7
Let p = 73 + 23. What are the prime factors of p?
2, 3
Let m(c) = 3*c**3 - 12*c**2 - 9*c - 3. List the prime factors of m(6).
3, 53
What are the prime factors of (2 - -11) + 3 + 3?
19
Let o = 3 - -3. Suppose -o = -4*l + 10. Suppose 3*d = 59 + l. List the prime factors of d.
3, 7
Let l(m) = m**3 - 2*m**2 + 2. Let r be 4/(-3)*(-30)/20. What are the prime factors of l(r)?
2
Suppose 0 = -0*d - 2*d + 4. Suppose -d*s + 10 = -m - 2*m, -5*m = 4*s - 64. List the prime factors of s.
11
Suppose 3*g + 4 + 56 = 0. Let t = 42 + g. Let m = t + -8. What are the prime factors of m?
2, 7
Let z = -53 - -98. Let j = 20 - z. List the prime factors of (10/j)/((-2)/40).
2
Let b = -7 - 6. Let g(h) = -h**3 - 13*h**2 - 2*h - 11. What are the prime factors of g(b)?
3, 5
Suppose -3*l - 3*u - 9 = -21, 0 = -u - 5. What are the prime factors of l?
3
Let o = -7 - 3. Let u be (o + 5)*(-19)/5. What are the prime factors of (-6)/(-21) + u/7?
3
Let l = -11 + 13. Suppose -l*n + 4*n = 4. What are the prime factors of n?
2
Suppose 0 = -4*d - 4*t + 5*t + 2, -10 = -4*d - 3*t. List the prime factors of (d - 3)*(-65)/26.
5
Suppose 3*o - 811 = -5*t + 5*o, 3*o + 483 = 3*t. What are the prime factors of t?
163
Let z(h) = 2*h**2 - h + 54 - 54 + 10*h**3. List the prime factors of z(1).